rue
Is 82670857 composite?
False
Is 23220553 prime?
False
Is 113784999 prime?
False
Is 53490233 a prime number?
True
Is 743801 a prime number?
False
Is 107524741 a composite number?
False
Is 25686097 prime?
True
Is 213713 a prime number?
True
Is 570360457 prime?
False
Is 67627471 a composite number?
True
Is 64561951 a prime number?
True
Is 38578559 a prime number?
False
Is 188755639 a composite number?
False
Is 16149911 composite?
True
Is 1670147 a prime number?
False
Is 21593201 a composite number?
True
Is 11840443 a prime number?
True
Is 142736359 composite?
False
Is 36302251 a prime number?
True
Is 351370453 prime?
False
Is 13459067 composite?
False
Is 1855489 prime?
False
Is 255779 prime?
False
Is 9220829 prime?
True
Is 50775843 composite?
True
Is 648103 prime?
False
Is 52109 prime?
False
Is 35653433 a prime number?
False
Is 48274034 composite?
True
Is 18789541 prime?
False
Is 16619821 prime?
False
Is 343627 composite?
False
Is 3930694 prime?
False
Is 92396047 composite?
True
Is 579239 composite?
False
Is 67151147 composite?
True
Is 8728651 a prime number?
False
Is 92993279 prime?
False
Is 1550467 a prime number?
True
Is 2596793 prime?
True
Is 3627089 prime?
False
Is 51551221 a composite number?
False
Is 26166999 prime?
False
Is 2677451 prime?
False
Is 789409163 composite?
True
Is 239244463 a prime number?
True
Is 13768109 prime?
True
Is 37465003 a composite number?
True
Is 9727453 composite?
False
Is 2796769 prime?
False
Is 77199943 a prime number?
False
Is 2135597 a prime number?
True
Is 52468963 a composite number?
False
Is 11824411 prime?
False
Is 5395679 composite?
False
Is 217657147 composite?
False
Is 4863583 a prime number?
False
Is 122575267 composite?
False
Is 91591429 a prime number?
False
Is 668537 a composite number?
True
Is 175009363 a prime number?
True
Is 1595096229 a composite number?
True
Is 4716758 a composite number?
True
Is 176629 a composite number?
False
Is 33405589 composite?
True
Is 3899491 a prime number?
False
Is 3415541 composite?
False
Is 75055667 a composite number?
True
Is 41883217 prime?
True
Is 2210891 composite?
False
Is 5535667 a composite number?
True
Is 21355049 a composite number?
True
Is 2429809 a composite number?
False
Is 3827479 a composite number?
False
Is 211974286 a composite number?
True
Is 150151 prime?
True
Is 1152911 a composite number?
True
Is 1802817263 prime?
False
Is 1863223 a composite number?
False
Is 3074969 a composite number?
False
Is 34213807 prime?
False
Is 7972817 prime?
True
Is 7958003 prime?
False
Is 45098383 prime?
False
Is 15638359 a composite number?
True
Is 199121803 composite?
True
Is 164306027 prime?
True
Is 273179 a composite number?
True
Is 78084551 a composite number?
False
Is 7126993 prime?
False
Is 1352227 prime?
True
Is 7858145 composite?
True
Is 643301 a prime number?
True
Is 1851553 a composite number?
True
Is 4413671 prime?
True
Is 7764641 a prime number?
True
Is 949903 prime?
True
Is 266095523 composite?
False
Is 101851223 composite?
False
Is 8797289 prime?
True
Is 54939283 prime?
False
Is 137502049 a composite number?
False
Is 157320673 composite?
True
Is 1607717 a prime number?
False
Is 17816497 a composite number?
False
Is 749292197 a prime number?
True
Is 26904023 a prime number?
True
Is 800304853 a prime number?
False
Is 28459 prime?
False
Is 171633829 a composite number?
True
Is 4582717 prime?
True
Is 36941167 prime?
True
Is 20647489 prime?
True
Is 364904707 a composite number?
False
Is 1432091 composite?
False
Is 82847227 composite?
False
Is 7899139 prime?
False
Is 7124189 prime?
False
Is 2641915 prime?
False
Is 7101763 a composite number?
True
Is 4972309 a composite number?
False
Is 1974662207 prime?
False
Is 10960751 prime?
True
Is 7541267 a composite number?
True
Is 146807449 composite?
False
Is 38058067 composite?
False
Is 10162015 a composite number?
True
Is 10951739 prime?
True
Is 607088246 a prime number?
False
Is 2514803 composite?
True
Is 4736477 a prime number?
True
Is 53909161 a composite number?
True
Is 417719 a prime number?
True
Is 813570223 composite?
True
Is 49200559 a composite number?
True
Is 49385549 a composite number?
False
Is 11025541 prime?
True
Is 140000543 a prime number?
False
Is 248717057 a prime number?
False
Is 136927553 a composite number?
True
Is 6143009 a composite number?
True
Is 19926773 composite?
True
Is 2733866 a composite number?
True
Is 53594249 prime?
True
Is 205956311 prime?
False
Is 8712701 prime?
True
Is 2861713 composite?
True
Is 10844693 a composite number?
True
Is 339334 composite?
True
Is 9441147 composite?
True
Is 282824611 a composite number?
True
Is 444607 composite?
False
Is 267181169 composite?
False
Is 21971221 a composite number?
False
Is 56062049 a prime number?
False
Is 41529661 a composite number?
True
Is 19289629 composite?
False
Is 6841727 composite?
False
Is 263962201 composite?
True
Is 83032243 prime?
False
Is 7402433 a composite number?
False
Is 17289947 composite?
False
Is 34211167 composite?
True
Is 15343831 composite?
False
Is 19475647 a composite number?
False
Is 8188903 a prime number?
False
Is 297883001 a composite number?
True
Is 7381067 a prime number?
True
Is 4384459 prime?
False
Is 2271257 composite?
False
Is 437741 prime?
False
Is 3985297 a composite number?
False
Is 604125113 composite?
False
Is 1268899 a prime number?
True
Is 666324543 prime?
False
Is 1203840291 a composite number?
True
Is 3660463 a prime number?
True
Is 3685769 a prime number?
False
Is 490049353 a prime number?
False
Is 30769 composite?
True
Is 185769439 a prime number?
True
Is 4338449 prime?
True
Is 1374019 a prime number?
True
Is 7227005 a composite number?
True
Is 259375261 a composite number?
False
Is 197798749 a composite number?
True
Is 839141509 composite?
False
Is 773447 composite?
False
Is 28076753 composite?
False
Is 2429103 prime?
False
Is 3385223 prime?
True
Is 120550769 prime?
True
Is 10300313 prime?
False
Is 29477719 a prime number?
True
Is 55117033 a prime number?
False
Is 85869461 a prime number?
True
Is 980842043 composite?
False
Is 5178599 a composite number?
False
Is 27018521 a composite number?
False
Is 216441671 composite?
True
Is 37161079 a composite number?
True
Is 553947 composite?
True
Is 262586747 a composite number?
False
Is 6145565 a composite number?
True
Is 4116911 composite?
False
Is 318821 a prime number?
False
Is 25842197 a composite number?
False
Is 10433877 a prime number?
False
Is 14480519 a prime number?
True
Is 1715305 prime?
False
Is 32135867 prime?
True
Is 5757023 prime?
True
Is 663937 a prime number?
True
Is 3951667 prime?
False
Is 23890661 a composite number?
True
Is 2537837 prime?
True
Is 15335029 a composite number?
True
Is 2429923 prime?
True
Is 2788997 composite?
False
Is 44106317 a composite number?
True
Is 367009613 prime?
True
Is 626171653 composite?
True
Is 26762599 a prime number?
False
Is 154866317 composite?
False
Is 4171105 a composite number?
True
Is 947347243 prime?
True
Is 15778231 a composite number?
True
Is 398076967 composite?
False
Is 8060869 prime?
False
Is 8147963 a composite number?
False
Is 16055409 prime?
False
Is 73009 a prime number?
True
Is 2618563 composite?
True
Is 458121047 a composite number?
False
Is 22355777 a composite number?
False
Is 2821001 a composite number?
False
Is 28965623 a prime number?
True
Is 22383362 a prime number?
False
Is 766279 a prime number?
False
Is 40004777 a prime number?
True
Is 13443487 composite?
False
Is 2008334 composite?
True
Is 2138971 prime?
True
Is 279011593 a composite number?
True
Is 85048361 a prime number?
True
Is 416587 prime?
False
Is 67986398 composite?
True
Is 1197269 a composite number?
False
Is 23225711 composite?
False
Is 4353443 a prime number?
True
Is 49974289 a prime number?
True
Is 377522511 prime?
False
Is 3267062 a prime number?
False
Is 120564779 composite?
True
Is 347707 prime?
True
Is 831583 prime?
True
Is 16409213 prime?
True
Is 90173 composite?
False
Is 16825385 prime?
False
Is 7409 composite?
True
Is 259221953 composite?
True
Is 27341569 prime?
True
Is 21184699 a composite number?
False
Is 5507969 composite?
False
Is 2444053 composite?
True
Is 151977803 composite?
False
Is 272648641 a composite number?
False
Is 329420641 a composite number?
True
Is 33986339 a prime number?
True
Is 